ime number?
False
Is 580181 composite?
True
Is 35539 a prime number?
False
Is 40609 prime?
True
Is 851 prime?
False
Is 8135 composite?
True
Is 2602 a composite number?
True
Is 3272753 composite?
True
Is 5603 prime?
False
Is 485731 prime?
True
Is 195695 a prime number?
False
Is 23357 a composite number?
False
Is 2631767 a prime number?
True
Is 883049 prime?
True
Is 7001 prime?
True
Is 339166 composite?
True
Is 210689 prime?
False
Is 75497 composite?
True
Is 54794 prime?
False
Is 773765 a prime number?
False
Is 932281 a composite number?
True
Is 10805 composite?
True
Is 123835 a composite number?
True
Is 3607 composite?
False
Is 131297 composite?
False
Is 608941 a prime number?
True
Is 247511 a composite number?
True
Is 9923 composite?
False
Is 14369 a prime number?
True
Is 23857 prime?
True
Is 37301 prime?
False
Is 1785587 composite?
False
Is 12389 a prime number?
False
Is 85991 a composite number?
False
Is 512207 composite?
False
Is 934033 a composite number?
False
Is 50429 a composite number?
True
Is 129737 composite?
False
Is 4461 a composite number?
True
Is 413 a composite number?
True
Is 5731 prime?
False
Is 18119 composite?
False
Is 171055 composite?
True
Is 9029 prime?
True
Is 318191 a prime number?
True
Is 87463 a composite number?
True
Is 123479 composite?
False
Is 84031 prime?
False
Is 57221 a prime number?
True
Is 942479 a prime number?
True
Is 5539 composite?
True
Is 484707 prime?
False
Is 23093 prime?
False
Is 135143 prime?
False
Is 643939 prime?
False
Is 237613 a composite number?
True
Is 80686 prime?
False
Is 4619249 a composite number?
False
Is 17657 composite?
False
Is 8419 a composite number?
False
Is 29594 a prime number?
False
Is 15819 a composite number?
True
Is 9527 a composite number?
True
Is 10021 a prime number?
False
Is 59667 composite?
True
Is 176413 prime?
True
Is 1061 a composite number?
False
Is 4846 a composite number?
True
Is 2827 a prime number?
False
Is 179338 a composite number?
True
Is 12779 composite?
True
Is 57611 a prime number?
False
Is 394453 composite?
False
Is 105521 a prime number?
False
Is 1477 composite?
True
Is 186391 a prime number?
True
Is 16249 a prime number?
True
Is 16145 a prime number?
False
Is 101771 composite?
False
Is 1004687 composite?
False
Is 29611 composite?
False
Is 2332487 prime?
True
Is 62945 prime?
False
Is 147761 a prime number?
True
Is 161717 a prime number?
True
Is 16715 a prime number?
False
Is 26473 a prime number?
False
Is 326615 a composite number?
True
Is 94933 a composite number?
False
Is 27479 a prime number?
True
Is 96137 composite?
False
Is 9383 prime?
False
Is 21467 composite?
False
Is 101471 composite?
True
Is 10277 prime?
False
Is 671777 composite?
False
Is 1163373 composite?
True
Is 2101 prime?
False
Is 307 composite?
False
Is 116711 a prime number?
False
Is 44951 composite?
True
Is 1269809 a composite number?
True
Is 1135061 composite?
False
Is 10771 prime?
True
Is 14087 composite?
False
Is 8287 prime?
True
Is 394913 a prime number?
False
Is 11423 a composite number?
False
Is 515173 composite?
False
Is 1847857 a prime number?
False
Is 80683 prime?
True
Is 86323 a prime number?
True
Is 526189 prime?
True
Is 57613 a composite number?
True
Is 133613 a composite number?
True
Is 42631 a prime number?
False
Is 139235 a prime number?
False
Is 43655 a prime number?
False
Is 743 a prime number?
True
Is 168233 prime?
False
Is 8962 prime?
False
Is 1772227 prime?
True
Is 28513 a composite number?
False
Is 217153 a composite number?
True
Is 1121 prime?
False
Is 1252247 a composite number?
False
Is 129 a prime number?
False
Is 914 composite?
True
Is 6181 a composite number?
True
Is 23789 composite?
False
Is 15133 a composite number?
True
Is 907 a composite number?
False
Is 4119259 composite?
False
Is 628319 composite?
False
Is 75853 a prime number?
True
Is 4931 composite?
False
Is 179521 a composite number?
True
Is 26569 a composite number?
True
Is 5051 a composite number?
False
Is 12373 prime?
True
Is 687253 a prime number?
False
Is 657743 prime?
True
Is 130493 a prime number?
False
Is 96053 a composite number?
False
Is 969385 a prime number?
False
Is 43451 prime?
True
Is 181574 a composite number?
True
Is 9953 composite?
True
Is 51151 composite?
False
Is 125593 composite?
True
Is 3337 prime?
False
Is 956353 prime?
True
Is 1166611 prime?
False
Is 139571 prime?
True
Is 50207 a prime number?
True
Is 26998 a prime number?
False
Is 20003 a prime number?
False
Is 546929 a prime number?
False
Is 862237 a composite number?
True
Is 31091 composite?
False
Is 797851 a prime number?
True
Is 302546 a composite number?
True
Is 44159 prime?
True
Is 2213093 prime?
True
Is 72997 a composite number?
False
Is 79867 prime?
True
Is 33443 a composite number?
True
Is 64871 composite?
False
Is 421977 a composite number?
True
Is 2369593 a prime number?
True
Is 3009155 prime?
False
Is 7669 a composite number?
False
Is 28111 a composite number?
False
Is 49835 prime?
False
Is 2546819 a prime number?
False
Is 24943 a composite number?
False
Is 10313 a composite number?
False
Is 170227 a composite number?
False
Is 13099 a composite number?
False
Is 360409 a composite number?
True
Is 5561 a composite number?
True
Is 839 a prime number?
True
Is 637223 composite?
True
Is 64123 a prime number?
True
Is 39293 a prime number?
True
Is 1011905 a prime number?
False
Is 478 prime?
False
Is 585359 a composite number?
True
Is 141793 a prime number?
True
Is 19633 a composite number?
True
Is 22353 a composite number?
True
Is 3821 a composite number?
False
Is 38903 composite?
False
Is 36433 composite?
False
Is 66391 a prime number?
False
Is 111 prime?
False
Is 330271 composite?
False
Is 9862 a prime number?
False
Is 2177 prime?
False
Is 8501 a prime number?
True
Is 21479 prime?
False
Is 2191687 prime?
True
Is 8369 a prime number?
True
Is 145931 prime?
True
Is 40801 a prime number?
True
Is 317311 a prime number?
False
Is 94037 a composite number?
True
Is 9413 prime?
True
Is 4201 composite?
False
Is 2214517 a prime number?
True
Is 2845 a composite number?
True
Is 26083 prime?
True
Is 34913 a composite number?
False
Is 631843 a composite number?
False
Is 3691 prime?
True
Is 19939 a composite number?
True
Is 43031 a prime number?
False
Is 109357 prime?
True
Is 20569 prime?
False
Is 1663 a composite number?
False
Is 192155 composite?
True
Is 573671 a composite number?
True
Is 168509 prime?
False
Is 197853 prime?
False
Is 34147 composite?
False
Is 7891 composite?
True
Is 5779 prime?
True
Is 154547 a prime number?
False
Is 691 prime?
True
Is 171001 a prime number?
False
Is 116843 composite?
True
Is 22541 prime?
True
Is 30869 composite?
False
Is 2333 composite?
False
Is 145577 prime?
True
Is 2813 a composite number?
True
Is 58 prime?
False
Is 402197 prime?
True
Is 21961 a prime number?
True
Is 38261 a prime number?
True
Is 61307 a prime number?
False
Is 104581 prime?
False
Is 682681 prime?
False
Is 3761 prime?
True
Is 104641 prime?
False
Is 165607 prime?
False
Is 283735 a composite number?
True
Is 92417 a composite number?
True
Is 25151 prime?
False
Is 8521 composite?
False
Is 65677 a prime number?
True
Is 23867 a prime number?
False
Is 31873 a prime number?
True
Is 14983 prime?
True
Is 198173 a prime number?
True
Is 5603 composite?
True
Is 102247 a composite number?
True
Is 9511 composite?
False
Is 144659 prime?
True
Is 26899 composite?
True
Is 33569 a composite number?
False
Is 1559 composite?
False
Is 6683 a composite number?
True
Is 109507 a composite number?
False
Is 410029 prime?
True
Is 60037 a prime number?
True
Is 3037 a composite number?
False
Is 121127 prime?
False
Is 12653 a prime number?
True
Is 328747 a prime number?
False
Is 4703 a prime number?
True
Is 195613 composite?
True
Is 94273 a prime number?
True
Is 74105 a composite number?
True
Is 3557 a composite number?
False
Is 1241497 a prime number?
False
Is 133795 prime?
False
Is 1277971 prime?
True
Is 945547 composite?
False
Is 356341 prime?
False
Is 576949 a prime number?
True
Is 2310953 composite?
False
Is 24397 a prime number?
False
Is 1241621 a composite number?
True
Is 11299 composite?
False
Is 30617 composite?
True
Is 444959 a prime number?
False
Is 25 prime?
False
Is 2105 a prime number?
False
Is 1325111 composite?
False
Is 912511 a prime number?
True